{"id":320,"date":"2021-10-02T15:30:46","date_gmt":"2021-10-02T15:30:46","guid":{"rendered":"http:\/\/blog.fshcloud.de\/?page_id=320"},"modified":"2022-02-21T15:06:56","modified_gmt":"2022-02-21T15:06:56","slug":"willkommen","status":"publish","type":"page","link":"https:\/\/blog.fshcloud.de\/","title":{"rendered":"Willkommen!"},"content":{"rendered":"\n<p>Auf dieser Webseite findet ihr alle wichtigen Informationen rund um unseren Deutsch2a &#8211; Kurs. <\/p>\n\n\n\n<p>Des Weiteren findet ihr \u00dcbersichten und Module, um auch in Eigenregie oder von zu Hause aus mitarbeiten zu k\u00f6nnen. <\/p>\n\n\n\n<p>Lies dir als Neueinsteigender bitte alle Informationen sorgf\u00e4ltig durch, damit du schnell loslegen kannst. <\/p>\n\n\n\n<p>Unter dem Punkt &#8222;Module&#8220; findest du die Themen und dazugeh\u00f6rigen Aufgaben, die im Kurs behandelt werden. Das Modulangebot wird laufend erweitert.<\/p>\n\n\n\n<p>Wenn Fragen \u00fcbrig bleiben, bin ich gut \u00fcber unsere Schulmail zu erreichen. <\/p>\n\n\n\n<h2>I. Neu im Kurs? Schaue dir bitte zun\u00e4chst diese beiden Seiten an:<\/h2>\n\n\n\n<figure class=\"wp-block-gallery columns-2 is-cropped\"><ul class=\"blocks-gallery-grid\"><li class=\"blocks-gallery-item\"><figure><img loading=\"lazy\" width=\"938\" height=\"1280\" src=\"http:\/\/blog.fshcloud.de\/wp-content\/uploads\/2021\/10\/golgi-nervous-system.jpg\" alt=\"\" data-id=\"332\" data-full-url=\"http:\/\/blog.fshcloud.de\/wp-content\/uploads\/2021\/10\/golgi-nervous-system.jpg\" data-link=\"http:\/\/blog.fshcloud.de\/?attachment_id=332\" class=\"wp-image-332\"\/><figcaption class=\"blocks-gallery-item__caption\">Wichtige Informationen<\/figcaption><\/figure><\/li><li class=\"blocks-gallery-item\"><figure><img loading=\"lazy\" width=\"993\" height=\"580\" src=\"http:\/\/blog.fshcloud.de\/wp-content\/uploads\/2021\/10\/mont-blanc-banner.jpg\" alt=\"\" data-id=\"334\" data-full-url=\"http:\/\/blog.fshcloud.de\/wp-content\/uploads\/2021\/10\/mont-blanc-banner.jpg\" data-link=\"http:\/\/blog.fshcloud.de\/?attachment_id=334\" class=\"wp-image-334\"\/><figcaption class=\"blocks-gallery-item__caption\">Schreibherausforderungen f\u00fcr Neueinsteigende<\/figcaption><\/figure><\/li><\/ul><\/figure>\n\n\n\n<h2>II. Module<\/h2>\n\n\n\n<figure class=\"wp-block-gallery columns-3 is-cropped\"><ul class=\"blocks-gallery-grid\"><li class=\"blocks-gallery-item\"><figure><img loading=\"lazy\" width=\"800\" height=\"499\" src=\"http:\/\/blog.fshcloud.de\/wp-content\/uploads\/2021\/10\/800px-France_in_XXI_Century._School.jpg\" alt=\"\" data-id=\"324\" data-full-url=\"http:\/\/blog.fshcloud.de\/wp-content\/uploads\/2021\/10\/800px-France_in_XXI_Century._School.jpg\" data-link=\"http:\/\/blog.fshcloud.de\/?attachment_id=324\" class=\"wp-image-324\"\/><figcaption class=\"blocks-gallery-item__caption\">Buchvorstellung<\/figcaption><\/figure><\/li><li class=\"blocks-gallery-item\"><figure><img loading=\"lazy\" width=\"1100\" height=\"734\" src=\"http:\/\/blog.fshcloud.de\/wp-content\/uploads\/2021\/10\/marsasabodeoflif00lowe_0192-feature.jpg\" alt=\"\" data-id=\"333\" data-full-url=\"http:\/\/blog.fshcloud.de\/wp-content\/uploads\/2021\/10\/marsasabodeoflif00lowe_0192-feature.jpg\" data-link=\"http:\/\/blog.fshcloud.de\/?attachment_id=333\" class=\"wp-image-333\"\/><figcaption class=\"blocks-gallery-item__caption\">Blogartikel schreiben<\/figcaption><\/figure><\/li><li class=\"blocks-gallery-item\"><figure><img loading=\"lazy\" width=\"1400\" height=\"826\" src=\"http:\/\/blog.fshcloud.de\/wp-content\/uploads\/2021\/10\/morghen-featured.jpg\" alt=\"\" data-id=\"335\" data-full-url=\"http:\/\/blog.fshcloud.de\/wp-content\/uploads\/2021\/10\/morghen-featured.jpg\" data-link=\"http:\/\/blog.fshcloud.de\/?attachment_id=335\" class=\"wp-image-335\"\/><figcaption class=\"blocks-gallery-item__caption\">Verl\u00e4ssliche Informationen im Internet<\/figcaption><\/figure><\/li><\/ul><\/figure>\n\n\n\n<figure class=\"wp-block-gallery columns-2 is-cropped\"><ul class=\"blocks-gallery-grid\"><li class=\"blocks-gallery-item\"><figure><img loading=\"lazy\" width=\"1200\" height=\"408\" src=\"http:\/\/blog.fshcloud.de\/wp-content\/uploads\/2021\/10\/speech.jpg\" alt=\"\" data-id=\"433\" data-full-url=\"http:\/\/blog.fshcloud.de\/wp-content\/uploads\/2021\/10\/speech.jpg\" data-link=\"http:\/\/blog.fshcloud.de\/?attachment_id=433\" class=\"wp-image-433\"\/><figcaption class=\"blocks-gallery-item__caption\">Vortrag vorbereiten<\/figcaption><\/figure><\/li><li class=\"blocks-gallery-item\"><figure><img loading=\"lazy\" width=\"1100\" height=\"775\" src=\"http:\/\/blog.fshcloud.de\/wp-content\/uploads\/2022\/02\/deschampignonscatladesc_0011-featured.jpeg\" alt=\"\" data-id=\"450\" data-full-url=\"http:\/\/blog.fshcloud.de\/wp-content\/uploads\/2022\/02\/deschampignonscatladesc_0011-featured.jpeg\" data-link=\"http:\/\/blog.fshcloud.de\/?attachment_id=450\" class=\"wp-image-450\"\/><figcaption class=\"blocks-gallery-item__caption\">Artikel f\u00fcr die Sch\u00fclerzeitung<\/figcaption><\/figure><\/li><\/ul><\/figure>\n\n\n\n<h2>III. Rechtschreibung und Grammatik<\/h2>\n\n\n\n<figure class=\"wp-block-gallery columns-2 is-cropped\"><ul class=\"blocks-gallery-grid\"><li class=\"blocks-gallery-item\"><figure><img loading=\"lazy\" width=\"1024\" height=\"796\" src=\"http:\/\/blog.fshcloud.de\/wp-content\/uploads\/2021\/10\/28555158786_9c6c06d11b_b.jpg\" alt=\"\" data-id=\"328\" data-full-url=\"http:\/\/blog.fshcloud.de\/wp-content\/uploads\/2021\/10\/28555158786_9c6c06d11b_b.jpg\" data-link=\"http:\/\/blog.fshcloud.de\/?attachment_id=328\" class=\"wp-image-328\"\/><figcaption class=\"blocks-gallery-item__caption\">Rechtschreibung<\/figcaption><\/figure><\/li><li class=\"blocks-gallery-item\"><figure><img loading=\"lazy\" width=\"1024\" height=\"661\" src=\"http:\/\/blog.fshcloud.de\/wp-content\/uploads\/2021\/10\/14342049131_fc60e02f34_b.jpg\" alt=\"\" data-id=\"327\" data-full-url=\"http:\/\/blog.fshcloud.de\/wp-content\/uploads\/2021\/10\/14342049131_fc60e02f34_b.jpg\" data-link=\"http:\/\/blog.fshcloud.de\/?attachment_id=327\" class=\"wp-image-327\"\/><figcaption class=\"blocks-gallery-item__caption\">Grammatik<\/figcaption><\/figure><\/li><\/ul><\/figure>\n\n\n\n<h2>IV. Archiv<\/h2>\n\n\n\n<figure class=\"wp-block-gallery columns-1 is-cropped\"><ul class=\"blocks-gallery-grid\"><li class=\"blocks-gallery-item\"><figure><img loading=\"lazy\" width=\"800\" height=\"596\" src=\"http:\/\/blog.fshcloud.de\/wp-content\/uploads\/2021\/10\/800px-Willem_van_Haecht_-_The_Gallery_of_Cornelis_van_der_Geest_-_WGA11027.jpg\" alt=\"\" data-id=\"325\" data-full-url=\"http:\/\/blog.fshcloud.de\/wp-content\/uploads\/2021\/10\/800px-Willem_van_Haecht_-_The_Gallery_of_Cornelis_van_der_Geest_-_WGA11027.jpg\" data-link=\"http:\/\/blog.fshcloud.de\/?attachment_id=325\" class=\"wp-image-325\"\/><figcaption class=\"blocks-gallery-item__caption\">Schuljahr 20\/21<\/figcaption><\/figure><\/li><\/ul><\/figure>\n","protected":false},"excerpt":{"rendered":"<p>Auf dieser Webseite findet ihr alle wichtigen Informationen rund um unseren Deutsch2a &#8211; Kurs. Des Weiteren findet ihr \u00dcbersichten und Module, um auch in Eigenregie oder von zu Hause aus mitarbeiten zu k\u00f6nnen. Lies dir als Neueinsteigender bitte alle Informationen sorgf\u00e4ltig durch, damit du schnell loslegen kannst. Unter dem Punkt &#8222;Module&#8220; findest du die Themen&hellip;<\/p>\n","protected":false},"author":1,"featured_media":0,"parent":0,"menu_order":0,"comment_status":"closed","ping_status":"closed","template":"","meta":[],"_links":{"self":[{"href":"https:\/\/blog.fshcloud.de\/index.php?rest_route=\/wp\/v2\/pages\/320"}],"collection":[{"href":"https:\/\/blog.fshcloud.de\/index.php?rest_route=\/wp\/v2\/pages"}],"about":[{"href":"https:\/\/blog.fshcloud.de\/index.php?rest_route=\/wp\/v2\/types\/page"}],"author":[{"embeddable":true,"href":"https:\/\/blog.fshcloud.de\/index.php?rest_route=\/wp\/v2\/users\/1"}],"replies":[{"embeddable":true,"href":"https:\/\/blog.fshcloud.de\/index.php?rest_route=%2Fwp%2Fv2%2Fcomments&post=320"}],"version-history":[{"count":7,"href":"https:\/\/blog.fshcloud.de\/index.php?rest_route=\/wp\/v2\/pages\/320\/revisions"}],"predecessor-version":[{"id":458,"href":"https:\/\/blog.fshcloud.de\/index.php?rest_route=\/wp\/v2\/pages\/320\/revisions\/458"}],"wp:attachment":[{"href":"https:\/\/blog.fshcloud.de\/index.php?rest_route=%2Fwp%2Fv2%2Fmedia&parent=320"}],"curies":[{"name":"wp","href":"https:\/\/api.w.org\/{rel}","templated":true}]}}